m + 4. Let d(v) = 2*v - 2*v + 4*v - 9. What is the remainder when d(6) is divided by p(-4)?
7
Suppose -5*d - 12 = o - 5*o, -5*o + d = -15. Suppose o*p = 3*h - 18, -4*p - 11 = 9. Calculate the remainder when 1 - (2 + (-29)/h) is divided by 10.
8
Let u(l) = l - 3. Let j be u(6). Suppose -j*n + 24 = -0*n. Calculate the remainder when 23 is divided by n.
7
Suppose 2*a - 60 = 3*w + 2*w, 0 = 4*w + 8. Calculate the remainder when a is divided by 13.
12
Suppose -5*t - 6*y - 114 = -3*y, -4*t - 90 = 3*y. Let r = t + 40. What is the remainder when r is divided by (6/4)/(2/8)?
4
Let a(c) = c + 12. What is the remainder when 18 is divided by a(-5)?
4
Let o(f) = f**3 - 13*f**2 - 6. Let l be o(13). What is the remainder when 59 is divided by (-2 + -1)*62/l?
28
Suppose g - 2*l = -g - 4, 0 = -4*g + 2*l - 12. Let o(b) = -5*b - 4. Let c(w) = -w**2 + 5*w + 6. Calculate the remainder when o(g) is divided by c(5).
4
Let m(v) = -v**3 - 2*v**2 + 4*v + 1. Suppose -3*s + 5*h = 11 + 11, -s = -4*h + 19. Calculate the remainder when m(-4) is divided by (-1 + s/2)*-18.
8
Let l = 103 - 84. Let o(b) = -b + 10. Suppose 0 = -4*z + z. What is the remainder when l is divided by o(z)?
9
Suppose -u + 7 = -2*g, -5*u + 3*g - g = -11. Calculate the remainder when u is divided by 1.
0
Suppose 68 = 5*n - n. What is the remainder when n is divided by 5?
2
Let y be 1/5 - (-118)/10. Let v = y - -6. Calculate the remainder when v is divided by 7.
4
Let l = 151 + -48. What is the remainder when l is divided by 35?
33
Suppose 4*v - v - 117 = 0. Let w = 35 + -25. Calculate the remainder when v is divided by w.
9
What is the remainder when 5 is divided by ((-2)/6)/((-1)/6)?
1
Suppose -3 - 19 = -2*f - 3*z, 16 = 4*z. Calculate the remainder when 22 is divided by f.
2
Let j(h) = h. Let m(o) = 4 + 3 + 6. Let b(a) = -j(a) + m(a). What is the remainder when 24 is divided by b(0)?
11
Let t = 142 + -134. Suppose u + 4 = -2*u + 4*q, 4*u = -2*q + 2. Suppose -2*x + 16 = -4*y, u*x + 47 = 4*x - 3*y. What is the remainder when x is divided by t?
6
Let v(a) = 2*a**2 + 2*a + 6. What is the remainder when 226 is divided by v(-5)?
42
Suppose -3*b + 3*h = -b, -2*h = -4*b + 8. Suppose -k = -3*k + 2*c + 30, 2*c = -b*k + 40. Calculate the remainder when 55 is divided by k.
13
Suppose 0 = -4*l + 30 - 2. What is the remainder when 12 is divided by l?
5
Calculate the remainder when 0 - 4 - (-7 + -16) is divided by 12.
7
Suppose j - 4*p - 34 = 0, 5*j - 5*p - 94 - 31 = 0. Let c = j - 15. Calculate the remainder when c is divided by 5.
2
Suppose 0 = -3*s - s - 20. What is the remainder when 2/s + (-134)/(-10) is divided by 5?
3
Suppose 0*p - 2*p = -56. What is the remainder when p is divided by (6/9)/((-2)/(-30))?
8
Let r = 9 + 22. What is the remainder when r is divided by 18?
13
Suppose q - 12 = -q. Suppose -z - 4*z + 3*d = -24, -4*z + 3 = 3*d. Suppose 5*x + 2*n - 3*n = 32, -z*n = q. What is the remainder when 10 is divided by x?
4
Suppose -2*p - 5*a = 3*p + 5, -2*a = -p + 8. Suppose -92 = 2*j - 4*b, -p*j - 5*b - 185 = 3*j. Let o = j + 85. What is the remainder when o is divided by 12?
9
Suppose -7*q - 17 = -80. Calculate the remainder when 24 is divided by q.
6
Suppose -2*t + 20 = 2*t. What is the remainder when 37 is divided by t?
2
Suppose 0 = 4*a - 17 - 83. What is the remainder when a is divided by 7?
4
Let b = -154 + 165. What is the remainder when 86 is divided by b?
9
What is the remainder when 32 is divided by 2/4*2 - -17?
14
Let l(k) = -3*k**3 + 2*k**2 - k + 1. Let n(s) = -4*s**3 + 3*s**2 - s + 1. Let w(c) = 3*l(c) - 2*n(c). Calculate the remainder when 1 is divided by w(0).
0
Let s(t) = 3*t**3 + 4*t**2 + 2*t + 7. Let f(p) = p**3 + 1. Let i(m) = -4*f(m) + s(m). What is the remainder when 32 is divided by i(4)?
10
Suppose -b + 2*y = -58, 2*b - y = -4*y + 95. What is the remainder when b is divided by 22?
8
Calculate the remainder when 590/12 - (-1)/(-6) is divided by 10.
9
Suppose 5*r - 31 = 3*h - 151, -3*r - 3*h - 96 = 0. Let b = -19 - r. Suppose k - 3*w = 0, 0*w = -2*k - w + 7. Calculate the remainder when b is divided by k.
2
Let r(u) = 24*u**2 + 2*u - 1. Let y = -158 + 256. Calculate the remainder when y is divided by r(1).
23
Suppose 10 = 2*k - 2. Let h = k + -5. Suppose 1 = 5*x - 14. Calculate the remainder when x is divided by h.
0
Suppose -3*c = -66 + 18. Calculate the remainder when 47 is divided by c.
15
Let y(h) = h**2 - h + 10. Calculate the remainder when 37 is divided by y(0).
7
Let t be (-2)/7 + 4/14. Let b(d) = d**3 + 3*d**2 - 2*d + 4. What is the remainder when 4 + -4 - (t - 18) is divided by b(-3)?
8
Suppose 0 = 5*x + 1 + 109. Let i = 37 + x. Calculate the remainder when i is divided by 8.
7
Let z = 9 - 5. Let g = z - -4. Suppose -3*p + g = -25. Calculate the remainder when p is divided by 4.
3
Suppose 2*u = -u. Suppose -5*s - 2*o - o + 45 = 0, -4*s + 2*o + 14 = u. What is the remainder when 16 is divided by s?
4
Suppose 3*v - 21 = -3*b - v, -3*v - 31 = -2*b. Let w = 16 - -15. What is the remainder when w is divided by b?
9
Suppose -4*c + 10 = c. Let n = 3 + -2. Let i = n + 2. Calculate the remainder when i is divided by c.
1
Let c = -14 + 14. Suppose c = j + j - 12. Calculate the remainder when 11 is divided by j.
5
Let a(g) = -5*g + 8. What is the remainder when a(-2) is divided by 5?
3
Suppose 22 + 82 = 4*z. What is the remainder when z is divided by 16?
10
Let n(k) = -4*k + 9. Let y be n(8). Let x = 76 + y. Calculate the remainder when x is divided by 18.
17
Suppose -506 = 2*r - 4*r + 2*i, 4*i - 488 = -2*r. Let n = r + -163. Calculate the remainder when n is divided by 22.
21
Let w(q) = 31*q + 3. Let a = 28 - 24. What is the remainder when w(a) is divided by 26?
23
Let y be 1 + -2 + (-89)/(-1). Suppose -5*d + 112 = -y. Suppose 5*i = -3*t + 93, 88 = -3*i + 7*i - t. Calculate the remainder when d is divided by i.
19
Suppose 0 = 2*d - 5*d + 6, -5*k = -4*d - 182. Let n = -24 + k. Calculate the remainder when 40 is divided by n.
12
Let u(q) = 5*q - 4. What is the remainder when u(16) is divided by 16?
12
Let z be 1/(-4) + 26/8. Suppose 7 = -z*x + 4*x. Let b(j) = j**3 - 6*j**2 + 2*j - 9. What is the remainder when x is divided by b(6)?
1
Let h = 9 + -19. Suppose -5*f + 4*g + 0*g = -156, 2*f - 5*g - 76 = 0. What is the remainder when f is divided by ((-63)/(-6))/(-7)*h?
13
Suppose 2*n = -3*n. Suppose -2*y + 4 + 10 = n. Let c(l) = 6*l**2 + 2*l - 1. Calculate the remainder when c(-2) is divided by y.
5
Let k = 8 - -34. Let d = k + -14. Calculate the remainder when 83 is divided by d.
27
Suppose 0 = 3*w + 2*y - 127, 0 = -0*w + 4*w + 4*y - 172. What is the remainder when w is divided by 9?
5
Let a(k) = 13*k - 4. Let f(i) = i. Let o(g) = a(g) - 2*f(g). Calculate the remainder when o(4) is divided by 14.
12
Let i(x) = -x**3 + x**2 + x - 7. Let k be i(0). Let d be (-2)/k + 188/28. Let v = d + 1. Calculate the remainder when 14 is divided by v.
6
Let k(a) = a**2 - a + 1. Let i(m) = m**3 - m**2 + 7*m - 10. Let c(d) = i(d) + 6*k(d). Calculate the remainder when c(-3) is divided by 7.
4
Suppose -14*h - 30 = -19*h. What is the remainder when 9 is divided by h?
3
Let h(d) = -2 + 1 + 0 - 2*d**2 - 7*d. Let s be h(-5). What is the remainder when 130/(-4)*s/10 is divided by 18?
16
Let x(k) = 2*k + 1. Let t be x(1). Suppose -2*j - t*j = -650. Suppose -2*i + 0*i + j = 0. What is the remainder when i is divided by 22?
21
Let n(w) = -w**3 + 5*w**2 + 6*w - 7. Let f be n(6). Let l = 19 - f. What is the remainder when l is divided by 14?
12
Let x(g) = g**2 + 5*g - 6. Let t be x(-6). Let p be -5*(1 - (t - -2)). Let m = 9 - p. Calculate the remainder when 6 is divided by m.
2
Suppose -21*j = -24*j + 150. Calculate the remainder when j is divided by 27.
23
Let w(m) = 2*m + 20. Calculate the remainder when w(-6) is divided by 3.
2
Suppose 2*u - 54 = -4*l, 0 = -0*l - 3*l - 3. Calculate the remainder when 113 is divided by u.
26
Let r(n) = 3*n - 8. Let j be r(-11). Let x = -8 - j. Suppose -x = -2*d + 2*b + 3*b, -14 = -d + 2*b. Calculate the remainder when 15 is divided by d.
3
Suppose 0 = -15*l + 210 + 1380. Calculate the remainder when l is divided by 27.
25
What is the remainder when ((-3)/1)/3 + 34 is divided by 19?
14
Suppose 5*w - 32 = -2*c, -2*w + 3*c + c + 32 = 0. Calculate the remainder when 39 is divided by w.
